{"id":368,"date":"2023-03-13T10:12:08","date_gmt":"2023-03-13T13:12:08","guid":{"rendered":"https:\/\/campingdogaucho.com.br\/?page_id=368"},"modified":"2023-03-13T11:02:37","modified_gmt":"2023-03-13T14:02:37","slug":"trilhas-passeios-e-caminhadas","status":"publish","type":"page","link":"https:\/\/campingdogaucho.com.br\/index.php\/trilhas-passeios-e-caminhadas\/","title":{"rendered":"Trilhas, passeios e caminhadas"},"content":{"rendered":"\n<p>A Ilha do Mel \u00e9 um universo de trilhas e caminhos, ornamentados com historias, contos e lendas.<\/p>\n\n\n\n<p>Al\u00e9m do imperd\u00edvel passeio de barco na Ilha do Mel, onde voc\u00ea vai se encantar e fotografar muitos golfinhos, voc\u00ea ter\u00e1 a  oportunidade de desfrutar da gastronomia cai\u00e7ara na Ilha das pe\u00e7as e as ostras naturais e gratinadas, criadas pelos nativos cai\u00e7aras e servidas pela dona Leonor na Ponta Oeste. Tudo isso sem antes passar por mar pelas Grutas, Praias, Farol e desembarcar durante 1hr para conhecer a Fortaleza Nossa Senhora dos Prazeres.<\/p>\n\n\n\n<p>Para as caminhadas, temos muitos destinos, Pedra da Aroeira, Praia da Pontinha, Praia das Encantadas, Praia da Galheta, Farol da Galheta, Bacia da Sereia, a m\u00edstica e magica Gruta das Encantadas onde com sorte poder\u00e1 contemplar o nascer do Sol e da Lua e se tiver mais sorte ainda conversar com uma Sereia, Morro das Encantadas, Morro da Nh\u00e1 Pina, Morro do Sab\u00e3o com destino ao Farol das Conchas onde voc\u00ea poder\u00e1 vislumbrar e fotografar quase toda a Ilha, de onde tamb\u00e9m voc\u00ea poder\u00e1 ir em dire\u00e7\u00e3o pela praia em dire\u00e7\u00e3o a hist\u00f3rica e monumental Fortaleza Nossa Senhora dos Prazeres, ou pegar um barco na Bras\u00edlia e voltar para as Encantadas<\/p>\n\n\n\n<p>E se tiver ainda mais sorte em sua estadia, poder\u00e1 vislumbrar e se encantar com os Pl\u00e2nctons Luminosos, que s\u00e3o vis\u00edveis no per\u00edodo noturno e com maior facilidade em \u00e9poca de Lua nova nos pontos sem ilumina\u00e7\u00e3o artificial.<\/p>\n","protected":false},"excerpt":{"rendered":"<p>A Ilha do Mel \u00e9 um universo de trilhas e caminhos, ornamentados com historias, contos e lendas. Al\u00e9m do imperd\u00edvel passeio de barco na Ilha do Mel, onde voc\u00ea vai se encantar e fotografar muitos golfinhos, voc\u00ea ter\u00e1 a oportunidade de desfrutar da gastronomia cai\u00e7ara na Ilha das pe\u00e7as e as ostras naturais e gratinadas, &hellip; <\/p>\n<p class=\"link-more\"><a href=\"https:\/\/campingdogaucho.com.br\/index.php\/trilhas-passeios-e-caminhadas\/\" class=\"more-link\">Continue lendo<span class=\"screen-reader-text\"> &#8220;Trilhas, passeios e caminhadas&#8221;<\/span><\/a><\/p>\n","protected":false},"author":1,"featured_media":0,"parent":0,"menu_order":0,"comment_status":"closed","ping_status":"closed","template":"","meta":{"footnotes":""},"class_list":["post-368","page","type-page","status-publish","hentry"],"_links":{"self":[{"href":"https:\/\/campingdogaucho.com.br\/index.php\/wp-json\/wp\/v2\/pages\/368","targetHints":{"allow":["GET"]}}],"collection":[{"href":"https:\/\/campingdogaucho.com.br\/index.php\/wp-json\/wp\/v2\/pages"}],"about":[{"href":"https:\/\/campingdogaucho.com.br\/index.php\/wp-json\/wp\/v2\/types\/page"}],"author":[{"embeddable":true,"href":"https:\/\/campingdogaucho.com.br\/index.php\/wp-json\/wp\/v2\/users\/1"}],"replies":[{"embeddable":true,"href":"https:\/\/campingdogaucho.com.br\/index.php\/wp-json\/wp\/v2\/comments?post=368"}],"version-history":[{"count":2,"href":"https:\/\/campingdogaucho.com.br\/index.php\/wp-json\/wp\/v2\/pages\/368\/revisions"}],"predecessor-version":[{"id":371,"href":"https:\/\/campingdogaucho.com.br\/index.php\/wp-json\/wp\/v2\/pages\/368\/revisions\/371"}],"wp:attachment":[{"href":"https:\/\/campingdogaucho.com.br\/index.php\/wp-json\/wp\/v2\/media?parent=368"}],"curies":[{"name":"wp","href":"https:\/\/api.w.org\/{rel}","templated":true}]}}