{"id":307,"date":"2023-03-11T16:17:41","date_gmt":"2023-03-11T19:17:41","guid":{"rendered":"https:\/\/campingdogaucho.com.br\/?page_id=307"},"modified":"2023-03-13T11:25:56","modified_gmt":"2023-03-13T14:25:56","slug":"passeio-de-barco-na-ilha-do-mel","status":"publish","type":"page","link":"https:\/\/campingdogaucho.com.br\/index.php\/passeio-de-barco-na-ilha-do-mel\/","title":{"rendered":"Passeio de Barco na Ilha do Mel"},"content":{"rendered":"\n<p>Se voc\u00ea disponibilizar de tempo e uns troquinhos a mais, n\u00e3o deixe e de fazer o passeio de barco na Ilha do Mel, que ir\u00e1 dar um colorido especial na sua viagem, a cereja do bolo. <\/p>\n\n\n\n<p>Com um custo de 100,00 \u00e0 150,00 reais, os passeios iniciam no trapiche das encantadas, contornando por \u00e1gua as duas Grutas, Praia do mar de Fora, Morro da Nh\u00e1 Pina, Praia do Miguel, Praia Grande, contornando o hist\u00f3rico Farol das Conchas que foi inaugurado em 25 de mar\u00e7o de 1872 por ordem de Dom Pedro II, para orientar a navega\u00e7\u00e3o na barra da Baia de Paranagu\u00e1 e modernizar a navega\u00e7\u00e3o comercial brasileira, este Farol foi de vital import\u00e2ncia at\u00e9 a d\u00e9cada e 1970 quando foi aberto o canal artificial da Galheta mudando a rota de navega\u00e7\u00e3o. <\/p>\n\n\n\n<p>No passeio \u00e9 feito uma parada na Fortaleza de aproximadamente 1hr para conhecer a atra\u00e7\u00e3o, e logo em seguida embarca para a Ilha das Pe\u00e7as para o Almo\u00e7o com uma parada na Baia dos Golfinhos onde se pode observar muitos golfinhos.<\/p>\n","protected":false},"excerpt":{"rendered":"<p>Se voc\u00ea disponibilizar de tempo e uns troquinhos a mais, n\u00e3o deixe e de fazer o passeio de barco na Ilha do Mel, que ir\u00e1 dar um colorido especial na sua viagem, a cereja do bolo. Com um custo de 100,00 \u00e0 150,00 reais, os passeios iniciam no trapiche das encantadas, contornando por \u00e1gua as &hellip; <\/p>\n<p class=\"link-more\"><a href=\"https:\/\/campingdogaucho.com.br\/index.php\/passeio-de-barco-na-ilha-do-mel\/\" class=\"more-link\">Continue lendo<span class=\"screen-reader-text\"> &#8220;Passeio de Barco na Ilha do Mel&#8221;<\/span><\/a><\/p>\n","protected":false},"author":1,"featured_media":0,"parent":0,"menu_order":0,"comment_status":"closed","ping_status":"closed","template":"","meta":{"footnotes":""},"class_list":["post-307","page","type-page","status-publish","hentry"],"_links":{"self":[{"href":"https:\/\/campingdogaucho.com.br\/index.php\/wp-json\/wp\/v2\/pages\/307","targetHints":{"allow":["GET"]}}],"collection":[{"href":"https:\/\/campingdogaucho.com.br\/index.php\/wp-json\/wp\/v2\/pages"}],"about":[{"href":"https:\/\/campingdogaucho.com.br\/index.php\/wp-json\/wp\/v2\/types\/page"}],"author":[{"embeddable":true,"href":"https:\/\/campingdogaucho.com.br\/index.php\/wp-json\/wp\/v2\/users\/1"}],"replies":[{"embeddable":true,"href":"https:\/\/campingdogaucho.com.br\/index.php\/wp-json\/wp\/v2\/comments?post=307"}],"version-history":[{"count":3,"href":"https:\/\/campingdogaucho.com.br\/index.php\/wp-json\/wp\/v2\/pages\/307\/revisions"}],"predecessor-version":[{"id":382,"href":"https:\/\/campingdogaucho.com.br\/index.php\/wp-json\/wp\/v2\/pages\/307\/revisions\/382"}],"wp:attachment":[{"href":"https:\/\/campingdogaucho.com.br\/index.php\/wp-json\/wp\/v2\/media?parent=307"}],"curies":[{"name":"wp","href":"https:\/\/api.w.org\/{rel}","templated":true}]}}